{"id":2490,"date":"2025-01-30T16:42:32","date_gmt":"2025-01-30T13:42:32","guid":{"rendered":"https:\/\/vivabilgisayar.net\/?page_id=2490"},"modified":"2025-01-30T16:44:28","modified_gmt":"2025-01-30T13:44:28","slug":"bizden-haberler","status":"publish","type":"page","link":"https:\/\/vivabilgisayar.net\/index.php\/bizden-haberler\/","title":{"rendered":"Bizden Haberler"},"content":{"rendered":"\t\t<div data-elementor-type=\"wp-page\" data-elementor-id=\"2490\" class=\"elementor elementor-2490\">\n\t\t\t\t\t\t<section class=\"elementor-section elementor-top-section elementor-element elementor-element-168abfb elementor-section-full_width elementor-section-height-default elementor-section-height-default\" data-id=\"168abfb\" data-element_type=\"section\" data-settings=\"{&quot;background_background&quot;:&quot;classic&quot;}\">\n\t\t\t\t\t\t<div class=\"elementor-container elementor-column-gap-default\">\n\t\t\t\t\t<div class=\"elementor-column elementor-col-100 elementor-top-column elementor-element elementor-element-b3c9b38\" data-id=\"b3c9b38\" data-element_type=\"column\">\n\t\t\t<div class=\"elementor-widget-wrap elementor-element-populated\">\n\t\t\t\t\t\t<section class=\"elementor-section elementor-inner-section elementor-element elementor-element-5a44abf elementor-section-boxed elementor-section-height-default elementor-section-height-default\" data-id=\"5a44abf\" data-element_type=\"section\">\n\t\t\t\t\t\t<div class=\"elementor-container elementor-column-gap-default\">\n\t\t\t\t\t<div class=\"elementor-column elementor-col-100 elementor-inner-column elementor-element elementor-element-d117607\" data-id=\"d117607\" data-element_type=\"column\">\n\t\t\t<div class=\"elementor-widget-wrap elementor-element-populated\">\n\t\t\t\t\t\t<div class=\"elementor-element elementor-element-1e929f2 elementor-widget elementor-widget-iteck-heading\" data-id=\"1e929f2\" data-element_type=\"widget\" data-widget_type=\"iteck-heading.default\">\n\t\t\t\t<div class=\"elementor-widget-container\">\n\t\t\t\t\t<h6 class=\"iteck-heading\">B\u0130ZDEN HABERLER<\/h6>\t\t\t\t<\/div>\n\t\t\t\t<\/div>\n\t\t\t\t<div class=\"elementor-element elementor-element-7b83316 elementor-widget elementor-widget-iteck-heading\" data-id=\"7b83316\" data-element_type=\"widget\" data-widget_type=\"iteck-heading.default\">\n\t\t\t\t<div class=\"elementor-widget-container\">\n\t\t\t\t\t<h2 class=\"iteck-heading\"><strong>Viva Bilgisayar ile Dijital D\u00f6n\u00fc\u015f\u00fcme <\/strong>Dair Her \u015eey!<\/h2>\t\t\t\t<\/div>\n\t\t\t\t<\/div>\n\t\t\t\t\t<\/div>\n\t\t<\/div>\n\t\t\t\t\t<\/div>\n\t\t<\/section>\n\t\t\t\t<section class=\"elementor-section elementor-inner-section elementor-element elementor-element-ca0f375 elementor-section-boxed elementor-section-height-default elementor-section-height-default\" data-id=\"ca0f375\" data-element_type=\"section\">\n\t\t\t\t\t\t<div class=\"elementor-container elementor-column-gap-default\">\n\t\t\t\t\t<div class=\"elementor-column elementor-col-100 elementor-inner-column elementor-element elementor-element-c8934af\" data-id=\"c8934af\" data-element_type=\"column\">\n\t\t\t<div class=\"elementor-widget-wrap elementor-element-populated\">\n\t\t\t\t\t\t<div class=\"elementor-element elementor-element-1b14de3 elementor-widget elementor-widget-iteck-portfolio-carousel\" data-id=\"1b14de3\" data-element_type=\"widget\" data-widget_type=\"iteck-portfolio-carousel.default\">\n\t\t\t\t<div class=\"elementor-widget-container\">\n\t\t\t\t\t\r\n\t\t\t<div class=\"iteck-portfolio-carousel \" data-slider-items=\"3\" data-slides-spacing=\"24\">\r\n\t\t\t\t<div class=\"content wow fadeIn slow\">\r\n\t\t\t\t\t<div class=\"portfolio_slider\">\r\n\t\t\t\t\t\t<div class=\"swiper-container\">\r\n\t\t\t\t\t\t\t<div class=\"swiper-wrapper\">\r\n\t\t\t\t\t\t\t\t\t\t\t\t\t\t\t\t<div class=\"swiper-slide\">\r\n\t\t\t\t\t\t\t\t\t<div class=\"portfolio_card\">\r\n\t\t\t\t\t\t\t\t\t\t<div class=\"img\">\r\n\t\t\t\t\t\t\t\t\t\t\t<img decoding=\"async\" src=\"https:\/\/vivabilgisayar.net\/wp-content\/uploads\/2025\/01\/web.png\" alt=\"\">\r\n\t\t\t\t\t\t\t\t\t\t<\/div>\r\n\t\t\t\t\t\t\t\t\t\t<div class=\"info\">\r\n\t\t\t\t\t\t\t\t\t\t\t<h5 class=\"title\">\r\n\t\t\t\t\t\t\t\t\t\t\t\t<a href=\"https:\/\/vivabilgisayar.net\/index.php\/portfolio\/e-ticaret-sitelerinde-yukselen-trend-hiz-guvenlik-ve-kullanici-deneyimi\/\">E-Ticaret Sitelerinde Y\u00fckselen Trend: H\u0131z, G\u00fcvenlik ve Kullan\u0131c\u0131 Deneyimi<\/a> \r\n\t\t\t\t\t\t\t\t\t\t\t<\/h5>\r\n\t\t\t\t\t\t\t\t\t\t\t<small class=\"category\">\r\n\t\t\t\t\t\t\t\t\t\t\t\t\t\t\t\t\t\t\t\t\t\t\t<\/small>\r\n\t\t\t\t\t\t\t\t\t\t\t\t\t\t\t\t\t\t\t\t\t\t<div class=\"text\"><p>E-ticaret sekt\u00f6r\u00fc, son y\u0131llarda b\u00fcy\u00fck bir ivme kazand\u0131 ve bu alandaki en b\u00fcy\u00fck rekabet unsuru, kullan\u0131c\u0131 deneyimi ve g\u00fcvenlik. Viva Bilgisayar, e-ticaret sitelerinin t\u00fcm ihtiya\u00e7lar\u0131n\u0131 kar\u015f\u0131lamak i\u00e7in her a\u015famada m\u00fckemmel \u00e7\u00f6z\u00fcmler sunuyor.<\/p>\n<\/div>\r\n\t\t\t\t\t\t\t\t\t\t\t\t\t\t\t\t\t\t\t\t\t\t<div class=\"tags\">\r\n\t\t\t\t\t\t\t\t\t\t\t\r\n\r\n\t\t\t\t\t\t\t\t\t\t\t\t\t\t\t\t\t\t\t\t\t\t\t\t<a class=\"cat\" href=\"https:\/\/vivabilgisayar.net\/index.php\/porto_tag\/digital-dunya\/\">digital d\u00fcnya<\/a>\r\n\t\t\t\t\t\t\t\t\t\t\t\t\t\t\t\t\t\t\t\t\t\t\t\t\t\t<a class=\"cat\" href=\"https:\/\/vivabilgisayar.net\/index.php\/porto_tag\/e-ticaret\/\">e-ticaret<\/a>\r\n\t\t\t\t\t\t\t\t\t\t\t\t\t\t\t\t\t\t\t\t\t\t\t\t\t\t<a class=\"cat\" href=\"https:\/\/vivabilgisayar.net\/index.php\/porto_tag\/sosyal-medya\/\">sosyal medya<\/a>\r\n\t\t\t\t\t\t\t\t\t\t\t\t\t\t\t\t\t\t\t\t\t\t\t\t\t\t<a class=\"cat\" href=\"https:\/\/vivabilgisayar.net\/index.php\/porto_tag\/web-tasarim\/\">web tasar\u0131m<\/a>\r\n\t\t\t\t\t\t\t\t\t\t\t\t\t  \r\n\t\t\t\t\t\t\t\t\t\t\t<\/div>\r\n\t\t\t\t\t\t\t\t\t\t\t\t\t\t\t\t\t\t\t\t\t<\/div>\r\n\t\t\t\t\t\t\t\t\t<\/div>\r\n\t\t\t\t\t\t\t\t<\/div>\r\n\t\t\t\t\t\t\t\t\t\t\t\t\t\t\t\t<div class=\"swiper-slide\">\r\n\t\t\t\t\t\t\t\t\t<div class=\"portfolio_card\">\r\n\t\t\t\t\t\t\t\t\t\t<div class=\"img\">\r\n\t\t\t\t\t\t\t\t\t\t\t<img decoding=\"async\" src=\"https:\/\/vivabilgisayar.net\/wp-content\/uploads\/2025\/01\/webtasarim.png\" alt=\"\">\r\n\t\t\t\t\t\t\t\t\t\t<\/div>\r\n\t\t\t\t\t\t\t\t\t\t<div class=\"info\">\r\n\t\t\t\t\t\t\t\t\t\t\t<h5 class=\"title\">\r\n\t\t\t\t\t\t\t\t\t\t\t\t<a href=\"https:\/\/vivabilgisayar.net\/index.php\/portfolio\/web-tasarimda-yeni-yildiz-modern-fonksiyonel-ve-kullanici-dostu-tasarimlar-2\/\">Web Tasar\u0131mda Yeni Y\u0131ld\u0131z: Modern, Fonksiyonel ve Kullan\u0131c\u0131 Dostu Tasar\u0131mlar<\/a> \r\n\t\t\t\t\t\t\t\t\t\t\t<\/h5>\r\n\t\t\t\t\t\t\t\t\t\t\t<small class=\"category\">\r\n\t\t\t\t\t\t\t\t\t\t\t\t\t\t\t\t\t\t\t\t\t\t\t<\/small>\r\n\t\t\t\t\t\t\t\t\t\t\t\t\t\t\t\t\t\t\t\t\t\t<div class=\"text\"><p>Web tasar\u0131m\u0131, dijital d\u00fcnyadaki en \u00f6nemli ara\u00e7lardan biri haline geldi. Bug\u00fcn, web sitesi sadece bir \u00e7evrimi\u00e7i varl\u0131k de\u011fil, ayn\u0131 zamanda bir marka kimli\u011fi olu\u015fturman\u0131n, m\u00fc\u015fteri etkile\u015fimini art\u0131rman\u0131n ve sat\u0131\u015flar\u0131 y\u00fckseltmenin anahtar\u0131d\u0131r. <\/p>\n<\/div>\r\n\t\t\t\t\t\t\t\t\t\t\t\t\t\t\t\t\t\t\t\t\t\t<div class=\"tags\">\r\n\t\t\t\t\t\t\t\t\t\t\t\r\n\r\n\t\t\t\t\t\t\t\t\t\t\t\t\t\t\t\t\t\t\t\t\t\t\t\t<a class=\"cat\" href=\"https:\/\/vivabilgisayar.net\/index.php\/porto_tag\/digital-dunya\/\">digital d\u00fcnya<\/a>\r\n\t\t\t\t\t\t\t\t\t\t\t\t\t\t\t\t\t\t\t\t\t\t\t\t\t\t<a class=\"cat\" href=\"https:\/\/vivabilgisayar.net\/index.php\/porto_tag\/e-ticaret\/\">e-ticaret<\/a>\r\n\t\t\t\t\t\t\t\t\t\t\t\t\t\t\t\t\t\t\t\t\t\t\t\t\t\t<a class=\"cat\" href=\"https:\/\/vivabilgisayar.net\/index.php\/porto_tag\/sosyal-medya\/\">sosyal medya<\/a>\r\n\t\t\t\t\t\t\t\t\t\t\t\t\t\t\t\t\t\t\t\t\t\t\t\t\t\t<a class=\"cat\" href=\"https:\/\/vivabilgisayar.net\/index.php\/porto_tag\/web-tasarim\/\">web tasar\u0131m<\/a>\r\n\t\t\t\t\t\t\t\t\t\t\t\t\t  \r\n\t\t\t\t\t\t\t\t\t\t\t<\/div>\r\n\t\t\t\t\t\t\t\t\t\t\t\t\t\t\t\t\t\t\t\t\t<\/div>\r\n\t\t\t\t\t\t\t\t\t<\/div>\r\n\t\t\t\t\t\t\t\t<\/div>\r\n\t\t\t\t\t\t\t\t\t\t\t\t\t\t\t\t<div class=\"swiper-slide\">\r\n\t\t\t\t\t\t\t\t\t<div class=\"portfolio_card\">\r\n\t\t\t\t\t\t\t\t\t\t<div class=\"img\">\r\n\t\t\t\t\t\t\t\t\t\t\t<img decoding=\"async\" src=\"https:\/\/vivabilgisayar.net\/wp-content\/uploads\/2025\/01\/sosyalmedya.png\" alt=\"\">\r\n\t\t\t\t\t\t\t\t\t\t<\/div>\r\n\t\t\t\t\t\t\t\t\t\t<div class=\"info\">\r\n\t\t\t\t\t\t\t\t\t\t\t<h5 class=\"title\">\r\n\t\t\t\t\t\t\t\t\t\t\t\t<a href=\"https:\/\/vivabilgisayar.net\/index.php\/portfolio\/sosyal-medya-yonetiminde-etkili-stratejiler-etkilesimden-satisa-donusum\/\">Sosyal Medya Y\u00f6netiminde Etkili Stratejiler: Etkile\u015fimden Sat\u0131\u015fa D\u00f6n\u00fc\u015f\u00fcm<\/a> \r\n\t\t\t\t\t\t\t\t\t\t\t<\/h5>\r\n\t\t\t\t\t\t\t\t\t\t\t<small class=\"category\">\r\n\t\t\t\t\t\t\t\t\t\t\t\t\t\t\t\t\t\t\t\t\t\t\t<\/small>\r\n\t\t\t\t\t\t\t\t\t\t\t\t\t\t\t\t\t\t\t\t\t\t<div class=\"text\"><p>Sosyal medya, markalar\u0131n dijital pazarlama stratejilerinde \u00f6nemli bir yer tutuyor. G\u00fcn\u00fcm\u00fcz\u00fcn dijital d\u00fcnyas\u0131nda, do\u011fru sosyal medya y\u00f6netimi ile markan\u0131z\u0131 daha geni\u015f bir kitleye tan\u0131tmak ve etkile\u015fim oranlar\u0131n\u0131 art\u0131rmak m\u00fcmk\u00fcn. <\/p>\n<\/div>\r\n\t\t\t\t\t\t\t\t\t\t\t\t\t\t\t\t\t\t\t\t\t\t<div class=\"tags\">\r\n\t\t\t\t\t\t\t\t\t\t\t\r\n\r\n\t\t\t\t\t\t\t\t\t\t\t\t\t\t\t\t\t\t\t\t\t\t\t\t<a class=\"cat\" href=\"https:\/\/vivabilgisayar.net\/index.php\/porto_tag\/digital-dunya\/\">digital d\u00fcnya<\/a>\r\n\t\t\t\t\t\t\t\t\t\t\t\t\t\t\t\t\t\t\t\t\t\t\t\t\t\t<a class=\"cat\" href=\"https:\/\/vivabilgisayar.net\/index.php\/porto_tag\/e-ticaret\/\">e-ticaret<\/a>\r\n\t\t\t\t\t\t\t\t\t\t\t\t\t\t\t\t\t\t\t\t\t\t\t\t\t\t<a class=\"cat\" href=\"https:\/\/vivabilgisayar.net\/index.php\/porto_tag\/sosyal-medya\/\">sosyal medya<\/a>\r\n\t\t\t\t\t\t\t\t\t\t\t\t\t\t\t\t\t\t\t\t\t\t\t\t\t\t<a class=\"cat\" href=\"https:\/\/vivabilgisayar.net\/index.php\/porto_tag\/web-tasarim\/\">web tasar\u0131m<\/a>\r\n\t\t\t\t\t\t\t\t\t\t\t\t\t  \r\n\t\t\t\t\t\t\t\t\t\t\t<\/div>\r\n\t\t\t\t\t\t\t\t\t\t\t\t\t\t\t\t\t\t\t\t\t<\/div>\r\n\t\t\t\t\t\t\t\t\t<\/div>\r\n\t\t\t\t\t\t\t\t<\/div>\r\n\t\t\t\t\t\t\t\t\t\t\t\t\t\t\t\t<div class=\"swiper-slide\">\r\n\t\t\t\t\t\t\t\t\t<div class=\"portfolio_card\">\r\n\t\t\t\t\t\t\t\t\t\t<div class=\"img\">\r\n\t\t\t\t\t\t\t\t\t\t\t<img decoding=\"async\" src=\"https:\/\/vivabilgisayar.net\/wp-content\/uploads\/2025\/01\/grafiktasarim.png\" alt=\"\">\r\n\t\t\t\t\t\t\t\t\t\t<\/div>\r\n\t\t\t\t\t\t\t\t\t\t<div class=\"info\">\r\n\t\t\t\t\t\t\t\t\t\t\t<h5 class=\"title\">\r\n\t\t\t\t\t\t\t\t\t\t\t\t<a href=\"https:\/\/vivabilgisayar.net\/index.php\/portfolio\/grafik-tasarimda-yaratici-cozumler-markaniz-icin-unutulmaz-tasarimlar\/\">Grafik Tasar\u0131mda Yarat\u0131c\u0131 \u00c7\u00f6z\u00fcmler: Markan\u0131z \u0130\u00e7in Unutulmaz Tasar\u0131mlar<\/a> \r\n\t\t\t\t\t\t\t\t\t\t\t<\/h5>\r\n\t\t\t\t\t\t\t\t\t\t\t<small class=\"category\">\r\n\t\t\t\t\t\t\t\t\t\t\t\t\t\t\t\t\t\t\t\t\t\t\t<\/small>\r\n\t\t\t\t\t\t\t\t\t\t\t\t\t\t\t\t\t\t\t\t\t\t<div class=\"text\"><p>G\u00f6rsel dilin g\u00fcc\u00fcn\u00fc kullanarak, markan\u0131z\u0131 etkili bir \u015fekilde temsil edecek yarat\u0131c\u0131 tasar\u0131mlar olu\u015fturuyoruz. Viva Bilgisayar, logo tasar\u0131m\u0131, kurumsal kimlik, bro\u015f\u00fcr, afi\u015f, dijital reklam g\u00f6rselleri ve di\u011fer t\u00fcm grafik tasar\u0131m ihtiya\u00e7lar\u0131n\u0131z\u0131 profesyonel bir \u015fekilde kar\u015f\u0131l\u0131yor.<\/p>\n<\/div>\r\n\t\t\t\t\t\t\t\t\t\t\t\t\t\t\t\t\t\t\t\t\t\t<div class=\"tags\">\r\n\t\t\t\t\t\t\t\t\t\t\t\r\n\r\n\t\t\t\t\t\t\t\t\t\t\t\t\t\t\t\t\t\t\t\t\t\t\t\t<a class=\"cat\" href=\"https:\/\/vivabilgisayar.net\/index.php\/porto_tag\/digital-dunya\/\">digital d\u00fcnya<\/a>\r\n\t\t\t\t\t\t\t\t\t\t\t\t\t\t\t\t\t\t\t\t\t\t\t\t\t\t<a class=\"cat\" href=\"https:\/\/vivabilgisayar.net\/index.php\/porto_tag\/e-ticaret\/\">e-ticaret<\/a>\r\n\t\t\t\t\t\t\t\t\t\t\t\t\t\t\t\t\t\t\t\t\t\t\t\t\t\t<a class=\"cat\" href=\"https:\/\/vivabilgisayar.net\/index.php\/porto_tag\/sosyal-medya\/\">sosyal medya<\/a>\r\n\t\t\t\t\t\t\t\t\t\t\t\t\t\t\t\t\t\t\t\t\t\t\t\t\t\t<a class=\"cat\" href=\"https:\/\/vivabilgisayar.net\/index.php\/porto_tag\/web-tasarim\/\">web tasar\u0131m<\/a>\r\n\t\t\t\t\t\t\t\t\t\t\t\t\t  \r\n\t\t\t\t\t\t\t\t\t\t\t<\/div>\r\n\t\t\t\t\t\t\t\t\t\t\t\t\t\t\t\t\t\t\t\t\t<\/div>\r\n\t\t\t\t\t\t\t\t\t<\/div>\r\n\t\t\t\t\t\t\t\t<\/div>\r\n\t\t\t\t\t\t\t\t\t\t\t\t\t\t\t<\/div>\r\n\t\t\t\t\t\t<\/div>\r\n\t\t\t\t\t\t\r\n\t\t\t\t\t\t\t\t\t\t\t\t<!-- ====== slider pagination ====== -->\r\n\t\t\t\t\t\t<div class=\"swiper-pagination\"><\/div>\r\n\t\t\t\t\t\t\r\n\t\t\t\t\t\t\t\t\t\t\t\t<!-- ====== slider navigation ====== -->\r\n\t\t\t\t\t\t<div class=\"swiper-button-next\"><\/div>\r\n\t\t\t\t\t\t<div class=\"swiper-button-prev\"><\/div>\r\n\t\t\t\t\t\t\r\n\t\t\t\t\t<\/div>\r\n\t\t\t\t<\/div>\r\n\t\t\t<\/div>\r\n\t\t\t\t\t\t<\/div>\n\t\t\t\t<\/div>\n\t\t\t\t\t<\/div>\n\t\t<\/div>\n\t\t\t\t\t<\/div>\n\t\t<\/section>\n\t\t\t\t<div class=\"elementor-element elementor-element-59f2911 elementor-widget__width-initial elementor-absolute elementor-widget elementor-widget-image\" data-id=\"59f2911\" data-element_type=\"widget\" data-settings=\"{&quot;_position&quot;:&quot;absolute&quot;}\" data-widget_type=\"image.default\">\n\t\t\t\t<div class=\"elementor-widget-container\">\n\t\t\t\t\t\t\t\t\t\t\t\t\t\t\t<img fetchpriority=\"high\" decoding=\"async\" width=\"582\" height=\"437\" src=\"https:\/\/vivabilgisayar.net\/wp-content\/uploads\/2022\/03\/shap_l.png\" class=\"attachment-large size-large wp-image-494\" alt=\"\" \/>\t\t\t\t\t\t\t\t\t\t\t\t\t\t\t<\/div>\n\t\t\t\t<\/div>\n\t\t\t\t<div class=\"elementor-element elementor-element-5d08a23 elementor-widget__width-initial elementor-absolute elementor-widget elementor-widget-image\" data-id=\"5d08a23\" data-element_type=\"widget\" data-settings=\"{&quot;_position&quot;:&quot;absolute&quot;}\" data-widget_type=\"image.default\">\n\t\t\t\t<div class=\"elementor-widget-container\">\n\t\t\t\t\t\t\t\t\t\t\t\t\t\t\t<img decoding=\"async\" width=\"875\" height=\"725\" src=\"https:\/\/vivabilgisayar.net\/wp-content\/uploads\/2022\/03\/shap_r.png\" class=\"attachment-large size-large wp-image-493\" alt=\"\" \/>\t\t\t\t\t\t\t\t\t\t\t\t\t\t\t<\/div>\n\t\t\t\t<\/div>\n\t\t\t\t\t<\/div>\n\t\t<\/div>\n\t\t\t\t\t<\/div>\n\t\t<\/section>\n\t\t\t\t<\/div>\n\t\t","protected":false},"excerpt":{"rendered":"<p>B\u0130ZDEN HABERLER Viva Bilgisayar ile Dijital D\u00f6n\u00fc\u015f\u00fcme Dair Her \u015eey! E-Ticaret Sitelerinde Y\u00fckselen Trend: H\u0131z, G\u00fcvenlik ve Kullan\u0131c\u0131 Deneyimi E-ticaret sekt\u00f6r\u00fc, son y\u0131llarda b\u00fcy\u00fck bir ivme kazand\u0131 ve bu alandaki en b\u00fcy\u00fck rekabet unsuru, kullan\u0131c\u0131 deneyimi ve g\u00fcvenlik. Viva Bilgisayar, e-ticaret sitelerinin t\u00fcm ihtiya\u00e7lar\u0131n\u0131 kar\u015f\u0131lamak i\u00e7in her a\u015famada m\u00fckemmel \u00e7\u00f6z\u00fcmler sunuyor. digital d\u00fcnya e-ticaret sosyal medya web tasar\u0131m Web Tasar\u0131mda &hellip;<\/p>\n","protected":false},"author":1,"featured_media":0,"parent":0,"menu_order":0,"comment_status":"closed","ping_status":"closed","template":"","meta":{"footnotes":""},"class_list":["post-2490","page","type-page","status-publish","hentry"],"_links":{"self":[{"href":"https:\/\/vivabilgisayar.net\/index.php\/wp-json\/wp\/v2\/pages\/2490","targetHints":{"allow":["GET"]}}],"collection":[{"href":"https:\/\/vivabilgisayar.net\/index.php\/wp-json\/wp\/v2\/pages"}],"about":[{"href":"https:\/\/vivabilgisayar.net\/index.php\/wp-json\/wp\/v2\/types\/page"}],"author":[{"embeddable":true,"href":"https:\/\/vivabilgisayar.net\/index.php\/wp-json\/wp\/v2\/users\/1"}],"replies":[{"embeddable":true,"href":"https:\/\/vivabilgisayar.net\/index.php\/wp-json\/wp\/v2\/comments?post=2490"}],"version-history":[{"count":7,"href":"https:\/\/vivabilgisayar.net\/index.php\/wp-json\/wp\/v2\/pages\/2490\/revisions"}],"predecessor-version":[{"id":2497,"href":"https:\/\/vivabilgisayar.net\/index.php\/wp-json\/wp\/v2\/pages\/2490\/revisions\/2497"}],"wp:attachment":[{"href":"https:\/\/vivabilgisayar.net\/index.php\/wp-json\/wp\/v2\/media?parent=2490"}],"curies":[{"name":"wp","href":"https:\/\/api.w.org\/{rel}","templated":true}]}}